ivided by 1963.
66
What is the remainder when 11907826 is divided by 200?
26
What is the remainder when 108786 is divided by 1283?
1014
What is the remainder when 4598315 is divided by 106935?
110
Calculate the remainder when 408921 is divided by 67.
20
Calculate the remainder when 3811763 is divided by 30252.
11
What is the remainder when 11589 is divided by 1287?
6
Calculate the remainder when 14460030 is divided by 692.
690
Calculate the remainder when 1294118 is divided by 46213.
154
What is the remainder when 448940 is divided by 72?
20
Calculate the remainder when 24179782 is divided by 706.
694
Calculate the remainder when 109574985 is divided by 672.
9
What is the remainder when 324237 is divided by 4377?
339
Calculate the remainder when 223608 is divided by 74299.
711
What is the remainder when 47342180 is divided by 162?
110
Calculate the remainder when 3346020 is divided by 1115325.
45
Calculate the remainder when 12303935 is divided by 9.
8
What is the remainder when 1186954 is divided by 394734?
2752
Calculate the remainder when 2413684 is divided by 670.
344
Calculate the remainder when 983256 is divided by 574.
568
Calculate the remainder when 132101 is divided by 1210.
211
Calculate the remainder when 1202766 is divided by 68.
50
Calculate the remainder when 56022 is divided by 28002.
18
Calculate the remainder when 9050 is divided by 8311.
739
Calculate the remainder when 971182350 is divided by 93.
90
What is the remainder when 484842 is divided by 5506?
314
What is the remainder when 1692172 is divided by 1084?
48
What is the remainder when 2208923 is divided by 157777?
45
Calculate the remainder when 41909238 is divided by 79.
54
Calculate the remainder when 9487720 is divided by 4228.
88
Calculate the remainder when 59367089 is divided by 16709.
12
Calculate the remainder when 308442 is divided by 3904.
26
Calculate the remainder when 206636 is divided by 1.
0
What is the remainder when 550186 is divided by 183157?
715
What is the remainder when 38350 is divided by 51?
49
What is the remainder when 2617804 is divided by 5805?
5554
Calculate the remainder when 10231262 is divided by 108.
98
What is the remainder when 4240044 is divided by 706673?
6
What is the remainder when 80172 is divided by 12874?
2928
Calculate the remainder when 17023764 is divided by 457.
57
Calculate the remainder when 123254 is divided by 60964.
1326
What is the remainder when 2409388 is divided by 115?
23
What is the remainder when 13538297 is divided by 38?
37
Calculate the remainder when 370931 is divided by 6187.
5898
Calculate the remainder when 32617829 is divided by 68.
65
Calculate the remainder when 1254380 is divided by 281.
277
Calculate the remainder when 691695 is divided by 57637.
51
What is the remainder when 102799 is divided by 1247?
545
What is the remainder when 54249165 is divided by 13?
9
Calculate the remainder when 22323407 is divided by 2790423.
23
What is the remainder when 788226 is divided by 6?
0
Calculate the remainder when 2474035 is divided by 309239.
123
Calculate the remainder when 6103360 is divided by 5065.
35
Calculate the remainder when 38731970 is divided by 84.
74
What is the remainder when 5625737 is divided by 20?
17
Calculate the remainder when 230481 is divided by 3544.
121
What is the remainder when 861361 is divided by 5092?
813
Calculate the remainder when 253634 is divided by 571.
110
Calculate the remainder when 1846337 is divided by 244.
233
Calculate the remainder when 23329 is divided by 23270.
59
Calculate the remainder when 618230 is divided by 18173.
348
What is the remainder when 1992063 is divided by 1543?
50
Calculate the remainder when 52619 is divided by 2050.
1369
Calculate the remainder when 1279152 is divided by 202.
88
Calculate the remainder when 225665 is divided by 225650.
15
What is the remainder when 187742 is divided by 187319?
423
Calculate the remainder when 24404718 is divided by 691.
671
What is the remainder when 707571 is divided by 1?
0
Calculate the remainder when 13127737 is divided by 110.
7
Calculate the remainder when 389188518 is divided by 28.
26
What is the remainder when 7255595 is divided by 1607?
1597
What is the remainder when 5159603 is divided by 187?
86
What is the remainder when 7728370 is divided by 18?
16
Calculate the remainder when 54776619 is divided by 1852.
15
What is the remainder when 73006619 is divided by 69?
65
Calculate the remainder when 122323 is divided by 13556.
319
What is the remainder when 20185875 is divided by 2883695?
10
Calculate the remainder when 138458 is divided by 3010.
3008
Calculate the remainder when 1306141 is divided by 309.
307
Calculate the remainder when 2798 is divided by 927.
17
What is the remainder when 3774460 is divided by 19?
15
Calculate the remainder when 432328 is divided by 431785.
543
What is the remainder when 1299153 is divided by 34183?
199
Calculate the remainder when 2056351 is divided by 685446.
13
What is the remainder when 19063457 is divided by 397151?
209
What is the remainder when 394704 is divided by 394544?
160
Calculate the remainder when 1899317 is divided by 1037.
570
What is the remainder when 9237743 is divided by 1847545?
18
What is the remainder when 8931039 is divided by 32?
31
Calculate the remainder when 287045 is divided by 95520.
485
Calculate the remainder when 303505010 is divided by 290.
0
What is the remainder when 465511 is divided by 504?
319
Calculate the remainder when 23534114 is divided by 1177.
1176
Calculate the remainder when 1698052 is divided by 5978.
300
What is the remainder when 1991518 is divided by 13547?
109
Calculate the remainder when 37911 is divided by 242.
159
What is the remainder when 12662432 is divided by 58?
46
What is the remainder when 53940 is divided by 16247?
5199
Calculate the remainder when 158933 is divided by 21.
5
What is the remainder when 123153 is divided by 357?
345
Calculate the remainder when 32468260 is divided by 169.
149
What is the remainder when 6174084 is divided by 13?
7
Calculate the remainder when 82457 is divided by 82450.
7
Calculate the remainder when 173602 is divided by 15.
7
Calculate the remainder when 95984 is divided by 2004.
1796
What is the remainder when 6231708 is divided by 13518?
13428
What is the remainder when 315161 is divided by 156859?
1443
Calculate the remainder when 3937606 is divided by 27155.
131
Calculate the remainder when 233687 is divided by 364.
363
What is the remainder when 375946 is divided by 28834?
1104
What is the remainder when 98523 is divided by 5771?
416
Calculate the remainder when 634288 is divided by 634274.
14
What is the remainder when 83207 is divided by 40217?
2773
Calculate the remainder when 2035433 is divided by 843.
431
Calculate the remainder when 470335 is divided by 5806.
49
Calculate the remainder when 2323987 is divided by 132.
127
What is the remainder when 648117 is divided by 316?
1
What is the remainder when 886741 is divided by 250?
241
Calculate the remainder when 44846 is divided by 296.
150
Calculate the remainder when 1155380 is divided by 577266.
848
What is the remainder when 34220060 is divided by 6844010?
10
Calculate the remainder when 352581 is divided by 55.
31
Calculate the remainder when 251507 is divided by 225.
182
What is the remainder when 2201676 is divided by 71020?
56
Calculate the remainder when 13663731 is divided by 791.
788
What is the remainder when 13709540 is divided by 6854733?
74
Calculate the remainder when 106393635 is divided by 79.
69
What is the remainder when 10835724 is divided by 11689?
21
What is the remainder when 3840120 is divided by 2449?
88
What is the remainder when 53852221 is divided by 369?
361
What is the remainder when 19448 is divided by 16885?
2563
Calculate the remainder when 131213424 is divided by 1225.
1224
Calculate the remainder when 7523050 is divided by 10887.
133
Calculate the remainder when 130133 is divided by 5005.
3
Calculate the remainder when 101422 is divided by 607.
53
Calculate the remainder when 252528 is divided by 18036.
24
Calculate the remainder when 47474467 is divided by 305.
302
Calculate the remainder when 1408417 is divided by 28743.
10
Calculate the remainder when 835857 is divided by 13